{"id":13957,"date":"2025-11-01T21:53:48","date_gmt":"2025-11-01T21:53:48","guid":{"rendered":""},"modified":"2026-03-02T11:29:41","modified_gmt":"2026-03-02T11:29:41","slug":"squier-jazzmaster-j-mascis","status":"publish","type":"product","link":"https:\/\/caralmusic.cl\/caral\/product\/squier-jazzmaster-j-mascis\/","title":{"rendered":"Squier Jazzmaster\u00ae J Mascis"},"content":{"rendered":"<table cellspacing=\"0\" cellpadding=\"0\">\n<tbody>\n<tr>\n<td class=\"specHeader\" colspan=\"2\">\n<h4>General<\/h4>\n<\/td>\n<\/tr>\n<tr class=\"bgcolor0\">\n<td class=\"specs_name\" valign=\"top\" nowrap=\"nowrap\" width=\"125\"><strong>Nombre modelo<\/strong>:<\/td>\n<td class=\"specs_desc\">J Mascis Jazzmaster\u00ae<\/td>\n<\/tr>\n<tr class=\"bgcolor1\">\n<td class=\"specs_name\" valign=\"top\" nowrap=\"nowrap\" width=\"125\"><strong>Serie<\/strong>:<\/td>\n<td class=\"specs_desc\">Artist Models<\/td>\n<\/tr>\n<tr class=\"bgcolor0\">\n<td class=\"specs_name\" valign=\"top\" nowrap=\"nowrap\" width=\"125\"><strong>Color \/ # Parte<\/strong>:<\/td>\n<td class=\"specs_desc\">\n<ul>\n<li><strong>Vintage White<\/strong><br \/>\n037-1060-541<\/li>\n<\/ul>\n<\/td>\n<\/tr>\n<tr>\n<td class=\"specHeader\" colspan=\"2\">\n<h4>Cuerpo<\/h4>\n<\/td>\n<\/tr>\n<tr class=\"bgcolor0\">\n<td class=\"specs_name\" valign=\"top\" nowrap=\"nowrap\" width=\"125\"><strong>Cuerpo<\/strong>:<\/td>\n<td class=\"specs_desc\">Tilo\u00a0(Basswood)<\/td>\n<\/tr>\n<tr class=\"bgcolor1\">\n<td class=\"specs_name\" valign=\"top\" nowrap=\"nowrap\" width=\"125\"><strong>Forma del cuerpo<\/strong>:<\/td>\n<td class=\"specs_desc\">Jazzmaster\u00ae<\/td>\n<\/tr>\n<tr>\n<td class=\"specHeader\" colspan=\"2\">\n<h4>M\u00e1stil<\/h4>\n<\/td>\n<\/tr>\n<tr class=\"bgcolor0\">\n<td class=\"specs_name\" valign=\"top\" nowrap=\"nowrap\" width=\"125\"><strong>Perfil del m\u00e1stil<\/strong>:<\/td>\n<td class=\"specs_desc\">Forma C<\/td>\n<\/tr>\n<tr class=\"bgcolor1\">\n<td class=\"specs_name\" valign=\"top\" nowrap=\"nowrap\" width=\"125\"><strong>N\u00famero de trastes<\/strong>:<\/td>\n<td class=\"specs_desc\">21<\/td>\n<\/tr>\n<tr class=\"bgcolor0\">\n<td class=\"specs_name\" valign=\"top\" nowrap=\"nowrap\" width=\"125\"><strong>Tama\u00f1o de traste<\/strong>:<\/td>\n<td class=\"specs_desc\">Trastes Jumbo<\/td>\n<\/tr>\n<tr class=\"bgcolor1\">\n<td class=\"specs_name\" valign=\"top\" nowrap=\"nowrap\" width=\"125\"><strong>Marcadores de posici\u00f3n<\/strong>:<\/td>\n<td class=\"specs_desc\">Puntos blancos envejecidos<\/td>\n<\/tr>\n<tr class=\"bgcolor0\">\n<td class=\"specs_name\" valign=\"top\" nowrap=\"nowrap\" width=\"125\"><strong>Rad\u00edo del diapas\u00f3n<\/strong>:<\/td>\n<td class=\"specs_desc\">Radio 9.5&#8243; (241 mm)<\/td>\n<\/tr>\n<tr class=\"bgcolor1\">\n<td class=\"specs_name\" valign=\"top\" nowrap=\"nowrap\" width=\"125\"><strong>Diapas\u00f3n<\/strong>:<\/td>\n<td class=\"specs_desc\">Laurel Indio (Indian Laurel)<\/td>\n<\/tr>\n<tr class=\"bgcolor0\">\n<td class=\"specs_name\" valign=\"top\" nowrap=\"nowrap\" width=\"125\"><strong>Material del m\u00e1stil<\/strong>:<\/td>\n<td class=\"specs_desc\">Arce (Maple)<\/td>\n<\/tr>\n<tr class=\"bgcolor1\">\n<td class=\"specs_name\" valign=\"top\" nowrap=\"nowrap\" width=\"125\"><strong>Acabado del m\u00e1stil<\/strong>:<\/td>\n<td class=\"specs_desc\">Satinado<\/td>\n<\/tr>\n<tr class=\"bgcolor0\">\n<td class=\"specs_name\" valign=\"top\" nowrap=\"nowrap\" width=\"125\"><strong>Ancho de cejilla<\/strong>:<\/td>\n<td class=\"specs_desc\">1.675&#8243; (42.5 mm)<\/td>\n<\/tr>\n<tr class=\"bgcolor1\">\n<td class=\"specs_name\" valign=\"top\" nowrap=\"nowrap\" width=\"125\"><strong>Longitud de la escala<\/strong>:<\/td>\n<td class=\"specs_desc\">25.5&#8243; (64.8 cm)<\/td>\n<\/tr>\n<tr class=\"bgcolor0\">\n<td class=\"specs_name\" valign=\"top\" nowrap=\"nowrap\" width=\"125\"><strong>Pala<\/strong>:<\/td>\n<td class=\"specs_desc\">Pala est\u00e1ndar de Jazzmaster\u00ae<\/td>\n<\/tr>\n<tr class=\"bgcolor1\">\n<td class=\"specs_name\" valign=\"top\" nowrap=\"nowrap\" width=\"125\"><strong>Placa de m\u00e1stil<\/strong>:<\/td>\n<td class=\"specs_desc\">Cromada con logo Squier\u00ae<\/td>\n<\/tr>\n<tr class=\"bgcolor1\">\n<td class=\"specs_name\" valign=\"top\" nowrap=\"nowrap\" width=\"125\"><strong>Ajuste del m\u00e1stil<\/strong>:<\/td>\n<td class=\"specs_desc\">Hexagonal de 5 mm<\/td>\n<\/tr>\n<tr>\n<td class=\"specHeader\" colspan=\"2\">\n<h4>Electr\u00f3nica<\/h4>\n<\/td>\n<\/tr>\n<tr class=\"bgcolor0\">\n<td class=\"specs_name\" valign=\"top\" nowrap=\"nowrap\" width=\"125\"><strong>Configuraci\u00f3n de c\u00e1psulas<\/strong>:<\/td>\n<td class=\"specs_desc\">S\/S<\/td>\n<\/tr>\n<tr class=\"bgcolor1\">\n<td class=\"specs_name\" valign=\"top\" nowrap=\"nowrap\" width=\"125\"><strong>C\u00e1psula del puente<\/strong>:<\/td>\n<td class=\"specs_desc\">Jazzmaster\u00ae Single-Coil Pickup (Bridge)<\/td>\n<\/tr>\n<tr class=\"bgcolor0\">\n<td class=\"specs_name\" valign=\"top\" nowrap=\"nowrap\" width=\"125\"><strong>C\u00e1psula del m\u00e1stil<\/strong>:<\/td>\n<td class=\"specs_desc\">Jazzmaster\u00ae Single-Coil Pickup (Neck)<\/td>\n<\/tr>\n<tr class=\"bgcolor1\">\n<td class=\"specs_name\" valign=\"top\" nowrap=\"nowrap\" width=\"125\"><strong>Selector de c\u00e1psulas<\/strong>:<\/td>\n<td class=\"specs_desc\">3-Position Toggle: Position 1. Bridge Pickup, Position 2. Bridge and Neck Pickups, (Lead Circuit), 2-Position Slide: Up: Lead Tone Circuit, Down: Rhythm Tone Circuit<\/td>\n<\/tr>\n<tr class=\"bgcolor0\">\n<td class=\"specs_name\" valign=\"top\" nowrap=\"nowrap\" width=\"125\"><strong>Electr\u00f3nica especial<\/strong>:<\/td>\n<td class=\"specs_desc\">Upper and Lower Volume\/Tone Control Circuits<\/td>\n<\/tr>\n<tr class=\"bgcolor1\">\n<td class=\"specs_name\" valign=\"top\" nowrap=\"nowrap\" width=\"125\"><strong>Controles<\/strong>:<\/td>\n<td class=\"specs_desc\">Circuito principal: Volumen, Tono. Circuito &#8220;Rhythm&#8221;: Volumen, Sonido<\/td>\n<\/tr>\n<tr>\n<td class=\"specHeader\" colspan=\"2\">\n<h4>Hardware<\/h4>\n<\/td>\n<\/tr>\n<tr class=\"bgcolor0\">\n<td class=\"specs_name\" valign=\"top\" nowrap=\"nowrap\" width=\"125\"><strong>Herrajes<\/strong>:<\/td>\n<td class=\"specs_desc\">Cromados<\/td>\n<\/tr>\n<tr class=\"bgcolor1\">\n<td class=\"specs_name\" valign=\"top\" nowrap=\"nowrap\" width=\"125\"><strong>Puente<\/strong>:<\/td>\n<td class=\"specs_desc\">Adjusto-Matic\u2122 Bridge with Vintage Style &#8220;Floating&#8221; Tremolo Tailpiece<\/td>\n<\/tr>\n<tr class=\"bgcolor0\">\n<td class=\"specs_name\" valign=\"top\" nowrap=\"nowrap\" width=\"125\"><strong>Cejilla<\/strong>:<\/td>\n<td class=\"specs_desc\">PPS blanco<\/td>\n<\/tr>\n<tr class=\"bgcolor1\">\n<td class=\"specs_name\" valign=\"top\" nowrap=\"nowrap\" width=\"125\"><strong>Clavijeros<\/strong>:<\/td>\n<td class=\"specs_desc\">Estilo bintage<\/td>\n<\/tr>\n<tr class=\"bgcolor0\">\n<td class=\"specs_name\" valign=\"top\" nowrap=\"nowrap\" width=\"125\"><strong>Punta del conmutador<\/strong>:<\/td>\n<td class=\"specs_desc\">Punta del interruptor en blanco envejecido<\/td>\n<\/tr>\n<tr class=\"bgcolor1\">\n<td class=\"specs_name\" valign=\"top\" nowrap=\"nowrap\" width=\"125\"><strong>Palanca de tr\u00e9molo<\/strong>:<\/td>\n<td class=\"specs_desc\">Chrome Handle, Aged White Cover<\/td>\n<\/tr>\n<tr class=\"bgcolor0\">\n<td class=\"specs_name\" valign=\"top\" nowrap=\"nowrap\" width=\"125\"><strong>Interruptor auxiliar<\/strong>:<\/td>\n<td class=\"specs_desc\">Upper and Lower Volume\/Tone Control Circuits<\/td>\n<\/tr>\n<tr>\n<td class=\"specHeader\" colspan=\"2\">\n<h4>Herramientas<\/h4>\n<\/td>\n<\/tr>\n<tr class=\"bgcolor0\">\n<td class=\"specs_name\" valign=\"top\" nowrap=\"nowrap\" width=\"125\"><strong>Llave de ajuste del alma<\/strong>:<\/td>\n<td class=\"specs_desc\">Si<\/td>\n<\/tr>\n<tr class=\"bgcolor1\">\n<td class=\"specs_name\" valign=\"top\" nowrap=\"nowrap\" width=\"125\"><strong>Tornillo de ajuste de la altura de la silleta<\/strong>:<\/td>\n<td class=\"specs_desc\">Si<\/td>\n<\/tr>\n<tr>\n<td class=\"specHeader\" colspan=\"2\">\n<h4>Varios<\/h4>\n<\/td>\n<\/tr>\n<tr class=\"bgcolor0\">\n<td class=\"specs_name\" valign=\"top\" nowrap=\"nowrap\" width=\"125\"><strong>Cuerdas<\/strong>:<\/td>\n<td class=\"specs_desc\">NPS, Calibres .010-.046<\/td>\n<\/tr>\n<tr class=\"bgcolor1\">\n<td class=\"specs_name\" valign=\"top\" nowrap=\"nowrap\" width=\"125\"><strong>Caracter\u00edsticas<\/strong>:<\/td>\n<td class=\"specs_desc\">J Mascis Signature on Back of Headstock, Large &#8217;60s-Style Jazzmaster Headstock, Gold and Black Squier Logo, Squier Engraved Neckplate, Aged White Plastic Parts and White Dot Position Inlays<\/td>\n<\/tr>\n<tr>\n<td class=\"specHeader\" colspan=\"2\">\n<h4>Accesorios<\/h4>\n<\/td>\n<\/tr>\n<tr class=\"bgcolor0\">\n<td class=\"specs_name\" valign=\"top\" nowrap=\"nowrap\" width=\"125\"><strong>Perillas de control<\/strong>:<\/td>\n<td class=\"specs_desc\">Aged White Plastic and Black Knurled Knobs<\/td>\n<\/tr>\n<\/tbody>\n<\/table>\n","protected":false},"excerpt":{"rendered":"<p style=\"text-align: justify;\">Squier honra al padrino de rock alternativo y l\u00edder de Dinosaur Jr. J Mascis con un nuevo y sorprendente modelo de guitarra Jazzmaster que ofrece tanto sonido y rendimiento masivo como su tocayo. Las c\u00e1psulas, el hardware y el acabado son todos especificados por el propio Mascis para obtener un tremendo tono y valor.<\/p>\n<p style=\"text-align: justify;\">La Jazzmaster J Mascis presenta cuerpo de tilo, m\u00e1stil de arce en forma de C, diapas\u00f3n de laurel indio con 9.5&#8243; de radio y 21 trastes jumbo, dos c\u00e1psulas Jazzmaster de una sola bobina con conmutaci\u00f3n de tres posiciones y circuitos de dos tonos, golpeador de aluminio anodizado dorado, partes de pl\u00e1stico blanco envejecido (perillas, punta del interruptor, tapas de c\u00e1psulas), puente Adjusto-Matic\u2122 con tr\u00e9molo flotante estilo vintage, clavijeros estilo vintage, herrajes cromados, acabado Vintage White y firma de J Mascis en la parte posterior de la pala grande estilo a\u00f1os 60.<\/p>\n<p><iframe loading=\"lazy\" src=\"\/\/www.youtube.com\/embed\/Ct6UWuQ0ndI?rel=0\" width=\"450\" height=\"253\" frameborder=\"0\" allowfullscreen=\"allowfullscreen\"><\/iframe><\/p>\n","protected":false},"featured_media":37369,"comment_status":"open","ping_status":"closed","template":"","meta":[],"product_brand":[],"product_cat":[202,526,124],"product_tag":[],"class_list":{"0":"post-13957","1":"product","2":"type-product","3":"status-publish","4":"has-post-thumbnail","6":"product_cat-squier-guitarras","7":"product_cat-squier-jazzmaster","8":"product_cat-guitarras-electricas","10":"first","11":"outofstock","12":"sale","13":"shipping-taxable","14":"purchasable","15":"product-type-simple"},"_links":{"self":[{"href":"https:\/\/caralmusic.cl\/caral\/wp-json\/wp\/v2\/product\/13957","targetHints":{"allow":["GET"]}}],"collection":[{"href":"https:\/\/caralmusic.cl\/caral\/wp-json\/wp\/v2\/product"}],"about":[{"href":"https:\/\/caralmusic.cl\/caral\/wp-json\/wp\/v2\/types\/product"}],"replies":[{"embeddable":true,"href":"https:\/\/caralmusic.cl\/caral\/wp-json\/wp\/v2\/comments?post=13957"}],"wp:featuredmedia":[{"embeddable":true,"href":"https:\/\/caralmusic.cl\/caral\/wp-json\/wp\/v2\/media\/37369"}],"wp:attachment":[{"href":"https:\/\/caralmusic.cl\/caral\/wp-json\/wp\/v2\/media?parent=13957"}],"wp:term":[{"taxonomy":"product_brand","embeddable":true,"href":"https:\/\/caralmusic.cl\/caral\/wp-json\/wp\/v2\/product_brand?post=13957"},{"taxonomy":"product_cat","embeddable":true,"href":"https:\/\/caralmusic.cl\/caral\/wp-json\/wp\/v2\/product_cat?post=13957"},{"taxonomy":"product_tag","embeddable":true,"href":"https:\/\/caralmusic.cl\/caral\/wp-json\/wp\/v2\/product_tag?post=13957"}],"curies":[{"name":"wp","href":"https:\/\/api.w.org\/{rel}","templated":true}]}}