{"id":51378,"date":"2026-01-18T19:47:26","date_gmt":"2026-01-18T19:47:26","guid":{"rendered":"https:\/\/caralmusic.cl\/caral\/?post_type=product&#038;p=51378"},"modified":"2026-03-30T21:58:41","modified_gmt":"2026-03-30T21:58:41","slug":"jackson-rhoads-rrx24-serie-x-copia","status":"publish","type":"product","link":"https:\/\/caralmusic.cl\/caral\/product\/jackson-rhoads-rrx24-serie-x-copia\/","title":{"rendered":"Jackson Rhoads\u2122 RRX24 Serie X"},"content":{"rendered":"<table cellspacing=\"0\" cellpadding=\"0\">\n<tbody>\n<tr>\n<td class=\"specHeader\" colspan=\"2\">\n<h4>general<\/h4>\n<\/td>\n<\/tr>\n<tr class=\"bgcolor0\">\n<td class=\"specs_name\" valign=\"top\" nowrap=\"nowrap\" width=\"125\"><strong>Nombre del Modelo<\/strong>:<\/td>\n<td class=\"specs_desc\">Rhoads RRX24<\/td>\n<\/tr>\n<tr class=\"bgcolor1\">\n<td class=\"specs_name\" valign=\"top\" nowrap=\"nowrap\" width=\"125\"><strong>Serie<\/strong>:<\/td>\n<td class=\"specs_desc\">X Series<\/td>\n<\/tr>\n<tr class=\"bgcolor0\">\n<td class=\"specs_name\" valign=\"top\" nowrap=\"nowrap\" width=\"125\"><strong>Color \/ # Parte<\/strong>:<\/td>\n<td class=\"specs_desc\">\n<ul>\n<li><strong>Purple with Black Bevels<\/strong><br \/>\n291-3636-552<\/li>\n<\/ul>\n<\/td>\n<\/tr>\n<tr>\n<td class=\"specHeader\" colspan=\"2\">\n<h4>cuerpo<\/h4>\n<\/td>\n<\/tr>\n<tr class=\"bgcolor0\">\n<td class=\"specs_name\" valign=\"top\" nowrap=\"nowrap\" width=\"125\"><strong>Cuerpo<\/strong>:<\/td>\n<td class=\"specs_desc\">\u00c1lamo (Poplar)<\/td>\n<\/tr>\n<tr class=\"bgcolor1\">\n<td class=\"specs_name\" valign=\"top\" nowrap=\"nowrap\" width=\"125\"><strong>Forma del Cuerpo<\/strong>:<\/td>\n<td class=\"specs_desc\">Rhoads<\/td>\n<\/tr>\n<tr class=\"bgcolor0\">\n<td class=\"specs_name\" valign=\"top\" nowrap=\"nowrap\" width=\"125\"><strong>Acabado del Cuerpo<\/strong>:<\/td>\n<td class=\"specs_desc\">Satinado<\/td>\n<\/tr>\n<tr>\n<td class=\"specHeader\" colspan=\"2\">\n<h4>m\u00e1stil<\/h4>\n<\/td>\n<\/tr>\n<tr class=\"bgcolor0\">\n<td class=\"specs_name\" valign=\"top\" nowrap=\"nowrap\" width=\"125\"><strong>Forma del M\u00e1stil<\/strong>:<\/td>\n<td class=\"specs_desc\">M\u00e1stil de arce a trav\u00e9s del cuerpo con refuerzo de grafito<\/td>\n<\/tr>\n<tr class=\"bgcolor1\">\n<td class=\"specs_name\" valign=\"top\" nowrap=\"nowrap\" width=\"125\"><strong>N\u00famero de Trastes<\/strong>:<\/td>\n<td class=\"specs_desc\">24<\/td>\n<\/tr>\n<tr class=\"bgcolor0\">\n<td class=\"specs_name\" valign=\"top\" nowrap=\"nowrap\" width=\"125\"><strong>Tama\u00f1o de Trastes<\/strong>:<\/td>\n<td class=\"specs_desc\">Jumbo<\/td>\n<\/tr>\n<tr class=\"bgcolor1\">\n<td class=\"specs_name\" valign=\"top\" nowrap=\"nowrap\" width=\"125\"><strong>Marcas de Posici\u00f3n<\/strong>:<\/td>\n<td class=\"specs_desc\">Aletas de tibur\u00f3n color Army Drab<\/td>\n<\/tr>\n<tr class=\"bgcolor0\">\n<td class=\"specs_name\" valign=\"top\" nowrap=\"nowrap\" width=\"125\"><strong>Radio del Diapas\u00f3n<\/strong>:<\/td>\n<td class=\"specs_desc\">Radio compuesto de 12&#8243; a 16&#8243; (304.8 mm a 406.4 mm)<\/td>\n<\/tr>\n<tr class=\"bgcolor1\">\n<td class=\"specs_name\" valign=\"top\" nowrap=\"nowrap\" width=\"125\"><strong>Diapas\u00f3n<\/strong>:<\/td>\n<td class=\"specs_desc\">Laurel<\/td>\n<\/tr>\n<tr class=\"bgcolor0\">\n<td class=\"specs_name\" valign=\"top\" nowrap=\"nowrap\" width=\"125\"><strong>Material del M\u00e1stil<\/strong>:<\/td>\n<td class=\"specs_desc\">Arce (Maple)<\/td>\n<\/tr>\n<tr class=\"bgcolor1\">\n<td class=\"specs_name\" valign=\"top\" nowrap=\"nowrap\" width=\"125\"><strong>Ancho de Cejilla<\/strong>:<\/td>\n<td class=\"specs_desc\">1.6875&#8243; (42.8 mm)<\/td>\n<\/tr>\n<tr class=\"bgcolor0\">\n<td class=\"specs_name\" valign=\"top\" nowrap=\"nowrap\" width=\"125\"><strong>Longitud de Escala<\/strong>:<\/td>\n<td class=\"specs_desc\">25.5&#8243; (64.8 cm)<\/td>\n<\/tr>\n<tr class=\"bgcolor1\">\n<td class=\"specs_name\" valign=\"top\" nowrap=\"nowrap\" width=\"125\"><strong>Pala<\/strong>:<\/td>\n<td class=\"specs_desc\">Pala Jackson\u00ae 6 en l\u00ednea puntiaguda invertida<\/td>\n<\/tr>\n<tr>\n<td class=\"specHeader\" colspan=\"2\">\n<h4>electr\u00f3nica<\/h4>\n<\/td>\n<\/tr>\n<tr class=\"bgcolor0\">\n<td class=\"specs_name\" valign=\"top\" nowrap=\"nowrap\" width=\"125\"><strong>Configuraci\u00f3n de C\u00e1psulas<\/strong>:<\/td>\n<td class=\"specs_desc\">H\/H<\/td>\n<\/tr>\n<tr class=\"bgcolor1\">\n<td class=\"specs_name\" valign=\"top\" nowrap=\"nowrap\" width=\"125\"><strong>C\u00e1psula del Puente<\/strong>:<\/td>\n<td class=\"specs_desc\">Seymour Duncan\u00ae Blackouts\u00ae AHB-1B<\/td>\n<\/tr>\n<tr class=\"bgcolor0\">\n<td class=\"specs_name\" valign=\"top\" nowrap=\"nowrap\" width=\"125\"><strong>C\u00e1psula del M\u00e1stil<\/strong>:<\/td>\n<td class=\"specs_desc\">Seymour Duncan\u00ae Blackouts\u00ae AHB-1N<\/td>\n<\/tr>\n<tr class=\"bgcolor1\">\n<td class=\"specs_name\" valign=\"top\" nowrap=\"nowrap\" width=\"125\"><strong>Selecci\u00f3n de C\u00e1psulas<\/strong>:<\/td>\n<td class=\"specs_desc\">Selector de 3 posiciones: Posici\u00f3n 1. C\u00e1psula del puente, Posici\u00f3n 2. C\u00e1psulas de puente y m\u00e1stil, Posici\u00f3n 3. C\u00e1psula del m\u00e1stil<\/td>\n<\/tr>\n<tr>\n<td class=\"specHeader\" colspan=\"2\">\n<h4>hardware<\/h4>\n<\/td>\n<\/tr>\n<tr class=\"bgcolor0\">\n<td class=\"specs_name\" valign=\"top\" nowrap=\"nowrap\" width=\"125\"><strong>Puente<\/strong>:<\/td>\n<td class=\"specs_desc\">Floyd Rose\u00ae especial con tr\u00e9molo de doble bloqueo (empotrado)<\/td>\n<\/tr>\n<tr class=\"bgcolor1\">\n<td class=\"specs_name\" valign=\"top\" nowrap=\"nowrap\" width=\"125\"><strong>Clavijeros<\/strong>:<\/td>\n<td class=\"specs_desc\">Jackson\u00ae de fundici\u00f3n sellados<\/td>\n<\/tr>\n<tr class=\"bgcolor0\">\n<td class=\"specs_name\" valign=\"top\" nowrap=\"nowrap\" width=\"125\"><strong>Perillas de Control<\/strong>:<\/td>\n<td class=\"specs_desc\">Estilo domo<\/td>\n<\/tr>\n<tr>\n<td class=\"specHeader\" colspan=\"2\">\n<h4>varios<\/h4>\n<\/td>\n<\/tr>\n<tr class=\"bgcolor1\">\n<td class=\"specs_name\" valign=\"top\" nowrap=\"nowrap\" width=\"125\"><strong>Cuerdas<\/strong>:<\/td>\n<td class=\"specs_desc\">Nickel Plated Steel, Calibres: .009, .011, .016, .024, .032, .042<\/td>\n<\/tr>\n<tr class=\"bgcolor0\">\n<td class=\"specs_name\" valign=\"top\" nowrap=\"nowrap\" width=\"125\"><strong>Caracter\u00edsticas \u00danicas<\/strong>:<\/td>\n<td class=\"specs_desc\">Construcci\u00f3n con m\u00e1stil a trav\u00e9s del cuerpo, puente especial Floyd Rose\u00ae, c\u00e1psulas Seymour Duncan\u00ae Blackouts<\/td>\n<\/tr>\n<\/tbody>\n<\/table>\n","protected":false},"excerpt":{"rendered":"<p style=\"text-align: justify;\">Los modelos de la Serie X de Jackson contin\u00faan con el legado del metal promovido por el inmortal Randy Rhoads. Majestuosa y orgullosa, la RRX24 ofrece un fant\u00e1stico sonido, una digitaci\u00f3n ultra r\u00e1pida y un valor incre\u00edble para los guitarristas del siglo XXI.<\/p>\n<p style=\"text-align: justify;\">Cuenta con cuerpo de \u00e1lamo, m\u00e1stil de arce de una sola pieza con refuerzo de grafito y un diapas\u00f3n de laurel con radio compuesto 12&#8243; a 16&#8243; con 24 trastes jumbo y pala Jackson de punta invertida con 6 clavijeros en l\u00ednea.<\/p>\n<p style=\"text-align: justify;\">Adornada para el metalero moderno de hoy, la RRX24 ofrece un tono abrasador producto de un par de c\u00e1psulas activas Seymour Duncan\u00ae Blackouts que se pueden moldear a\u00fan m\u00e1s con dos controles de volumen, un control de tono maestro y un selector de tres posiciones. Tambi\u00e9n est\u00e1 equipada con un sistema de tr\u00e9molo especial de doble bloqueo Floyd Rose\u00ae para un sobresaliente sustain y una s\u00f3lida entonaci\u00f3n.<\/p>\n","protected":false},"featured_media":51379,"comment_status":"open","ping_status":"closed","template":"","meta":[],"product_brand":[],"product_cat":[530,131,190,124,243],"product_tag":[],"class_list":{"0":"post-51378","1":"product","2":"type-product","3":"status-publish","4":"has-post-thumbnail","6":"product_cat-ofertas-4","7":"product_cat-jackson-guitarras","8":"product_cat-rhoads","9":"product_cat-guitarras-electricas","10":"product_cat-x-series","12":"first","13":"instock","14":"sale","15":"shipping-taxable","16":"purchasable","17":"product-type-simple"},"_links":{"self":[{"href":"https:\/\/caralmusic.cl\/caral\/wp-json\/wp\/v2\/product\/51378","targetHints":{"allow":["GET"]}}],"collection":[{"href":"https:\/\/caralmusic.cl\/caral\/wp-json\/wp\/v2\/product"}],"about":[{"href":"https:\/\/caralmusic.cl\/caral\/wp-json\/wp\/v2\/types\/product"}],"replies":[{"embeddable":true,"href":"https:\/\/caralmusic.cl\/caral\/wp-json\/wp\/v2\/comments?post=51378"}],"wp:featuredmedia":[{"embeddable":true,"href":"https:\/\/caralmusic.cl\/caral\/wp-json\/wp\/v2\/media\/51379"}],"wp:attachment":[{"href":"https:\/\/caralmusic.cl\/caral\/wp-json\/wp\/v2\/media?parent=51378"}],"wp:term":[{"taxonomy":"product_brand","embeddable":true,"href":"https:\/\/caralmusic.cl\/caral\/wp-json\/wp\/v2\/product_brand?post=51378"},{"taxonomy":"product_cat","embeddable":true,"href":"https:\/\/caralmusic.cl\/caral\/wp-json\/wp\/v2\/product_cat?post=51378"},{"taxonomy":"product_tag","embeddable":true,"href":"https:\/\/caralmusic.cl\/caral\/wp-json\/wp\/v2\/product_tag?post=51378"}],"curies":[{"name":"wp","href":"https:\/\/api.w.org\/{rel}","templated":true}]}}